s**4/8 - 3*s**3/2 + 5*s**2. Let z be j(-6). Let a = z + -1. What is the units digit of a?
8
Let b be 12/(-5)*(-45)/18. What is the tens digit of (-4)/b + ((-19200)/(-18))/10?
0
Suppose 30*r - 28*r - 2406 = 0. What is the units digit of r?
3
Suppose 2*p - 7*p = n - 8075, -4*p + 5*n = -6489. What is the thousands digit of p?
1
Let n(b) = 1249*b**2 + b - 5. What is the hundreds digit of n(-1)?
2
Suppose -s - 2*x + 3 = -2*s, x = 5. Suppose f = -0*f + s. Suppose 17 + f = 3*z. What is the units digit of z?
8
Let p be (1 + 4)*(-9)/(-15). Suppose p*o = 14*o - 836. What is the units digit of o?
6
What is the units digit of (-120327)/(-30) - (-48)/480?
1
Let k(n) = 6*n + 1. Let j(m) = -5*m - 2. Let y(i) = -3*j(i) - 2*k(i). Let p be y(-2). What is the tens digit of (16 - 12)/(p/(-5))?
1
What is the tens digit of (-1759)/(-7) + (-4)/14?
5
Suppose -2*m = 3*m + 2*v - 4908, -3*m + 2952 = 3*v. What is the tens digit of m?
8
Let x(h) = 3*h + 472. What is the hundreds digit of x(16)?
5
Suppose -i + 2*m + 8594 = 2*i, -5*i + 5*m + 14320 = 0. What is the thousands digit of i?
2
Let q = 488 - 164. What is the units digit of q?
4
Suppose -v = -13*v + 19644. What is the hundreds digit of v?
6
Let u = 0 + 1. Let q be (u - (3 - 3))*0. Suppose 2*v + 4*n - 18 = q, n = -v + 1 + 6. What is the units digit of v?
5
Suppose -5*i - 5 = 0, 0*i - 128 = -c - i. What is the units digit of c?
9
Suppose 129*l - 232423 = 213788. What is the tens digit of l?
5
What is the units digit of (-80)/((-65)/26 - 2*-1)?
0
Let i(v) = v**3 + 12*v**2 + 10*v - 8. Let c be i(-11). Let n be (-2)/(((-9)/(-3))/c). Let o(s) = s**2 - 4*s - 3. What is the units digit of o(n)?
9
Let k be (-18)/(-3) + -2 + 2. What is the units digit of (-2)/(k/(-4) - (2 - 3))?
4
Suppose -f = -4*j - 254, -3*f = j - 3*j - 772. Let n = f + -161. Let a = n + -46. What is the tens digit of a?
5
Suppose 4*l = -5*k + 9757, 4 = -l + 2. What is the units digit of k?
3
Let w be (-1)/4 - 2/(-8). Let y(n) be the third derivative of n**5/60 - n**4/24 + 13*n**3/2 + 10*n**2 - 2*n. What is the tens digit of y(w)?
3
Let d be (804/(2 + 1))/2. Let v = -67 + d. What is the units digit of v?
7
Let k(b) = -113*b**3 + b**2 + b + 1. Let h be k(-1). Suppose -2*z + t = -h, 24 + 114 = 2*z + 5*t. What is the units digit of z?
9
Let s(u) = -4*u + 7. Let m be s(3). Let q(z) be the third derivative of -z**4/6 - z**3 + z**2. What is the units digit of q(m)?
4
Let m(b) = -545*b + 248. What is the units digit of m(-4)?
8
Let s(g) = 16*g**2 + 12*g + 6. Let v be s(-6). Suppose -5*u = -10*u + v. Suppose -2*k + u = -22. What is the units digit of k?
2
Suppose -g + 21 = 64. What is the units digit of 2 - 2 - (g - -2)?
1
Suppose 47*g - 48*g = -4*t + 12559, 2*g = -6. What is the units digit of t?
9
Let v be (1 - 2) + 3 - -3. Suppose v*q = 6*q + 4, -399 = -5*n - 4*q. What is the units digit of n?
3
Suppose -4*r + 28 = -0. Suppose q = -3, r*f - 2*f + 4*q - 138 = 0. What is the tens digit of f?
3
Suppose -n - 12143 = -4*g, 3044 = g - 39*n + 36*n. What is the tens digit of g?
3
Let g = -1995 + 3263. What is the tens digit of g?
6
Suppose -4*k = -73 - 7. Let g = -10 + k. What is the units digit of (-124)/(-10) + (-4)/g?
2
Let b = -1303 - -1898. What is the hundreds digit of b?
5
Let u(k) = 95*k + 109. What is the hundreds digit of u(11)?
1
Let n be (-4)/10 + (-74)/(-10). Suppose 2*w - 4*q - 4 = 0, -3*q = n - 1. Let t = w + 7. What is the units digit of t?
5
Let t be ((-666)/4)/((-54)/16 + 3). Suppose c + 4*c - 572 = 3*y, -4*c + t = y. What is the units digit of c?
2
Let i(n) = -700*n - 44. What is the hundreds digit of i(-1)?
6
Let v(k) = -2*k**2 + 3*k**2 - 3*k - 11*k + 8. Let b be v(13). What is the units digit of 22 + (b - -3) + 0?
0
What is the tens digit of 5*(103 - (-5 - -1))?
3
Let o be (-6 - -5)*(-1 - -1). Suppose o = -r + 3*r. Suppose 5*a + 235 = 5*t - 0*a, r = t - 2*a - 46. What is the units digit of t?
8
Suppose 647 = 4*v - 0*d + 5*d, 2*d + 328 = 2*v. What is the hundreds digit of v?
1
Suppose 3 + 6 = v. Suppose 0 = 7*j - v*j + 156. Let g = j - 16. What is the units digit of g?
2
What is the tens digit of (-1)/(-6) + (-2120433)/(-666)?
8
Let p be 36/10*25/10. Suppose p*f - 5*f - 252 = 0. Let k = f - 25. What is the tens digit of k?
3
Let l(o) = o + 7. Let f be l(7). Suppose -15*c = -f*c - 106. What is the tens digit of c?
0
Let a(m) = 51*m**2 - m - 1. Let k = -67 + 66. What is the units digit of a(k)?
1
Suppose 2*c = 2 + 6. What is the units digit of (-4)/2*(-118)/c?
9
Let k(f) = 9 - 7*f + 5 + 4*f**2 + 2*f**2 - 7. What is the tens digit of k(5)?
2
What is the units digit of (13/(-4))/(17/(-272)) - 4?
8
Suppose 2*t + 3*k = 6, 2*t - k = 3*t - 2. Let c be (0 + -8)*(-2 - -1). Suppose -4*v + 12 - c = t. What is the units digit of v?
1
What is the hundreds digit of (-6)/36 - (-2413)/6?
4
Let m(j) = j**3 + 19*j**2 - 4*j - 39. What is the units digit of m(-18)?
7
Let d = 1925 + -652. What is the units digit of d?
3
Let y(m) = m**3 - 10*m**2 + 4 - 9 - 12 + 1 - 15*m. Let u be y(12). Suppose -4*d - 8 + u = 0. What is the tens digit of d?
2
Suppose 4*b + 6 - 14 = 0. Suppose 0 = 3*y - w - 23, b*y - w - 8 - 6 = 0. What is the units digit of -3*(1 - 87/y)?
6
Let d be (-2)/(-7) + (-38)/(-14). Suppose -10 = d*i - 4. What is the units digit of -6*(0 - 5) + i?
8
Let p(v) = v**3 - 11*v**2 + 7*v - 14. Let f be p(11). Let t = 122 + -29. Suppose k - f = 3*x, 2*x + 89 = 3*k - t. What is the tens digit of k?
6
Let v = 118 - -86. What is the units digit of v?
4
Let i = 648 + -316. What is the tens digit of i?
3
Let d be -5 - 3*(-20)/6. Suppose 4*z - 322 = -t - 0*t, 0 = -d*z + 15. What is the units digit of t?
0
Let x = -25 + 28. Suppose 108 = x*l + l. Let v = 45 - l. What is the units digit of v?
8
Let c(b) = b**2 + 4*b - 3. Let g be c(-5). What is the units digit of 1*(4/g - -32)?
4
Suppose 0 = -3*m - v + 3024, v + 334 + 2690 = 3*m. What is the units digit of m?
8
Suppose 6*j - 337 - 185 = 0. Let h = 157 + j. What is the hundreds digit of h?
2
Let n be ((-8)/(-6))/(6/9). Suppose d = 1 + n. Suppose -d = 2*k - 47. What is the tens digit of k?
2
Let z = -24 + 37. Suppose 0 = z*l - 3*l - 1540. What is the hundreds digit of l?
1
Suppose 2*o - 6 = -0*k + 2*k, -3*k - 15 = -5*o. Suppose -136 = -5*y - n, k*n - 1 = -n. Suppose -5*h - 7 = -y. What is the units digit of h?
4
Suppose 5*v - 5*x = -50, -3*x - 6 = -v + 2*x. Let m be ((-9)/4)/((-7)/56). Let f = m + v. What is the units digit of f?
4
Suppose -5*k = 20, 2*k = 5*c - 252 + 84. Suppose -12*d + c = -11*d. What is the units digit of d?
2
Let b = -8 + 5. What is the units digit of b/8 + (-1575)/(-168)?
9
Suppose -5*i + 37 = 12. Suppose 0 = i*z + 184 - 784. What is the units digit of z?
0
Let q(z) = -z**3 + 47*z**2 + 51*z - 210. What is the tens digit of q(47)?
8
Suppose -1080 - 3646 = -17*a. What is the tens digit of a?
7
Let q(p) = -p**2 + p - 1. Let s(i) = -41*i**2 - 2*i. Let w be 2/(-1)*10/20. Let k(z) = w*q(z) - s(z). What is the units digit of k(-1)?
2
Let y = -467 - -897. What is the hundreds digit of y?
4
Let q(t) = 41*t + 20. Let a be q(7). Suppose -3*h + 2*z - 244 = -7*h, 5*h - a = -2*z. What is the tens digit of h?
6
Suppose 0 = -4*r + 4, -3*s = -s + 2*r - 884. What is the hundreds digit of s?
4
Let t = 109 + -23. Suppose 141 = -4*n + o, -52 = 4*n - 2*o + t. Let f = -21 - n. What is the units digit of f?
5
Let c = 4364 - -1216. Let a be c/160 - (-2)/16. Let w = a - 10. What is the units digit of w?
5
Let r(l) = 3*l**2 + l. Let x(h) = -4*h**2 - h + 1. Let u(s) = -3*r(s) - 2*x(s). Let q be u(2). What is the units digit of (14/(-8))/(1/q)?
4
Suppose 4*a - 2 = -5*n + 15, 2*n - 3*a = 16. Suppose -2*r = n*y - 90, r - 3*y - 58 = -r. Let s = r + -16. What is the tens digit of s?
1
Suppose -2*n + f = -n - 5, n = 2*f + 8. Let c be (3*-22)/(n/(-4)). What is the tens digit of (21/(-14))/((-3)/c)?
6
Suppose -2*l + 2*x = -16, 4*l + 0*x - 5*x - 37 = 0. Suppose 84 = 7*b - l*b. What is the tens digit of b?
2
Let r(j) = 8*j + 11. Let h be r(5). Let m = h - 10. Suppose 0 = 2*y - 55 - m. What is the tens digit of y?
4
Suppose 0 = -5*b + 4*w + 3155, 272*w + 10 = 270*w. What is the units digit of b?
7
Suppose 2*w + 0*w - 44 = -4*h, 4*w = 4*h - 44. Let b = h + -8. Suppose -2*z + b*z = 16. What is the units digit of z?
6
Suppose 33*m = 26*m + 12467.